ivided by 9865.
197
Calculate the remainder when 2453 is divided by 501.
449
What is the remainder when 32641 is divided by 1052?
29
Calculate the remainder when 1965 is divided by 634.
63
Calculate the remainder when 382774 is divided by 12.
10
What is the remainder when 199463 is divided by 35?
33
Calculate the remainder when 12317 is divided by 4100.
17
What is the remainder when 4011 is divided by 64?
43
Calculate the remainder when 905148 is divided by 20.
8
What is the remainder when 3145 is divided by 2919?
226
Calculate the remainder when 4774 is divided by 280.
14
Calculate the remainder when 44528 is divided by 146.
144
What is the remainder when 15226 is divided by 1381?
35
What is the remainder when 158397 is divided by 20?
17
What is the remainder when 634 is divided by 213?
208
Calculate the remainder when 8401 is divided by 73.
6
Calculate the remainder when 367 is divided by 155.
57
What is the remainder when 35356 is divided by 85?
81
Calculate the remainder when 17675 is divided by 221.
216
What is the remainder when 746 is divided by 371?
4
What is the remainder when 2045 is divided by 778?
489
What is the remainder when 609 is divided by 475?
134
What is the remainder when 17498 is divided by 52?
26
Calculate the remainder when 18468 is divided by 18460.
8
What is the remainder when 21648 is divided by 25?
23
What is the remainder when 21844 is divided by 66?
64
Calculate the remainder when 4442 is divided by 621.
95
What is the remainder when 757624 is divided by 1171?
1158
Calculate the remainder when 145975 is divided by 20.
15
What is the remainder when 14454 is divided by 94?
72
What is the remainder when 287793 is divided by 174?
171
Calculate the remainder when 5157 is divided by 318.
69
What is the remainder when 549129 is divided by 31?
26
Calculate the remainder when 1477 is divided by 652.
173
What is the remainder when 312638 is divided by 757?
754
What is the remainder when 2264 is divided by 2237?
27
Calculate the remainder when 5231 is divided by 4.
3
Calculate the remainder when 13399 is divided by 8.
7
What is the remainder when 14387 is divided by 11?
10
Calculate the remainder when 14469 is divided by 7113.
243
Calculate the remainder when 6230 is divided by 276.
158
What is the remainder when 797 is divided by 173?
105
Calculate the remainder when 875 is divided by 143.
17
Calculate the remainder when 35766 is divided by 23.
1
Calculate the remainder when 140981 is divided by 106.
1
What is the remainder when 1053 is divided by 359?
335
Calculate the remainder when 120578 is divided by 37.
32
What is the remainder when 2489 is divided by 32?
25
Calculate the remainder when 585292 is divided by 48.
28
Calculate the remainder when 3957 is divided by 90.
87
Calculate the remainder when 6725 is divided by 143.
4
Calculate the remainder when 2507 is divided by 203.
71
What is the remainder when 292150 is divided by 329?
327
Calculate the remainder when 172406 is divided by 431.
6
Calculate the remainder when 999 is divided by 386.
227
Calculate the remainder when 28432 is divided by 179.
150
What is the remainder when 67898 is divided by 100?
98
What is the remainder when 21264 is divided by 2656?
16
What is the remainder when 457557 is divided by 72?
69
What is the remainder when 39700 is divided by 253?
232
Calculate the remainder when 168327 is divided by 4809.
12
Calculate the remainder when 2438 is divided by 606.
14
Calculate the remainder when 3887 is divided by 528.
191
Calculate the remainder when 4410 is divided by 170.
160
Calculate the remainder when 102068 is divided by 24.
20
Calculate the remainder when 159273 is divided by 80.
73
Calculate the remainder when 5051 is divided by 2390.
271
Calculate the remainder when 94090 is divided by 2192.
2026
What is the remainder when 571 is divided by 388?
183
Calculate the remainder when 90421 is divided by 576.
565
Calculate the remainder when 14636 is divided by 30.
26
Calculate the remainder when 8172 is divided by 428.
40
Calculate the remainder when 260 is divided by 72.
44
Calculate the remainder when 64695 is divided by 667.
663
What is the remainder when 4414 is divided by 185?
159
What is the remainder when 47592 is divided by 673?
482
What is the remainder when 5522 is divided by 1822?
56
Calculate the remainder when 217617 is divided by 72538.
3
Calculate the remainder when 3148 is divided by 1007.
127
Calculate the remainder when 10388 is divided by 9919.
469
Calculate the remainder when 12853 is divided by 90.
73
What is the remainder when 3261 is divided by 14?
13
Calculate the remainder when 21009 is divided by 34.
31
What is the remainder when 40323 is divided by 1344?
3
What is the remainder when 2297 is divided by 173?
48
What is the remainder when 6376 is divided by 80?
56
Calculate the remainder when 6644 is divided by 16.
4
What is the remainder when 9676 is divided by 149?
140
What is the remainder when 1218 is divided by 450?
318
What is the remainder when 8692 is divided by 709?
184
What is the remainder when 89609 is divided by 17910?
59
Calculate the remainder when 52904 is divided by 68.
0
What is the remainder when 30155 is divided by 6014?
85
What is the remainder when 3622 is divided by 3386?
236
What is the remainder when 156429 is divided by 34?
29
Calculate the remainder when 1624 is divided by 64.
24
What is the remainder when 120285 is divided by 179?
176
What is the remainder when 13373 is divided by 100?
73
Calculate the remainder when 293474 is divided by 175.
174
What is the remainder when 11412 is divided by 5490?
432
Calculate the remainder when 231742 is divided by 51.
49
What is the remainder when 23987 is divided by 886?
65
What is the remainder when 2929 is divided by 419?
415
What is the remainder when 1261 is divided by 111?
40
Calculate the remainder when 939 is divided by 128.
43
Calculate the remainder when 8218 is divided by 15.
13
Calculate the remainder when 407 is divided by 298.
109
What is the remainder when 3487452 is divided by 395?
392
Calculate the remainder when 39747 is divided by 125.
122
What is the remainder when 2059 is divided by 8?
3
Calculate the remainder when 223065 is divided by 348.
345
Calculate the remainder when 73847 is divided by 51.
50
Calculate the remainder when 4403 is divided by 516.
275
Calculate the remainder when 86440 is divided by 79.
14
Calculate the remainder when 14235 is divided by 29.
25
What is the remainder when 16049 is divided by 4005?
29
Calculate the remainder when 405558 is divided by 7.
6
What is the remainder when 1746 is divided by 157?
19
What is the remainder when 271131 is divided by 31?
5
Calculate the remainder when 98813 is divided by 383.
382
What is the remainder when 11747 is divided by 165?
32
Calculate the remainder when 450673 is divided by 102.
37
What is the remainder when 42963 is divided by 62?
59
What is the remainder when 1549 is divided by 1245?
304
What is the remainder when 55450 is divided by 29?
2
What is the remainder when 58499 is divided by 75?
74
What is the remainder when 468 is divided by 23?
8
What is the remainder when 10795 is divided by 67?
8
Calculate the remainder when 22746 is divided by 5685.
6
What is the remainder when 554937 is divided by 464?
457
Calculate the remainder when 360957 is divided by 21.
9
Calculate the remainder when 45876 is divided by 7.
5
Calculate the remainder when 409340 is divided by 104.
100
Calculate the remainder when 6370 is divided by 1968.
466
Calculate the remainder when 94380 is divided by 228.
216
Calculate the remainder when 14511 is divided by 1433.
181
What is the remainder when 315 is divided by 79?
78
What is the remainder when 591 is divided by 9?
6
What is the remainder when 6112 is divided by 610?
12
Calculate the remainder when 141918 is divided by 10.
8
What is the remainder when 29624 is divided by 673?
12
Calculate the remainder when 953 is divided by 348.
257
Calculate the remainder when 5731 is divided by 629.
70
What is the remainder when 11740 is divided by 20?
0
What is the remainder when 183813 is divided by 46?
43
Calculate the remainder when 11079 is divided by 129.
114
What is the remainder when 8139883 is divided by 13?
11
Calculate the remainder when 16223 